**2 - x + 2 - 1. Let o be s(3). Let j = 3 - o. What is the units digit of j?
1
Let i(k) be the third derivative of k**4/24 + k**3/2 + k**2. Let f(a) = -a**2 + 11*a - 6. Let x be f(10). What is the units digit of i(x)?
7
Let g(o) be the second derivative of o**5/20 + 2*o**4/3 + o**2/2 - 4*o. What is the units digit of g(-8)?
1
Suppose -8*q + 4*q = b - 677, -3*q = b - 508. What is the hundreds digit of q?
1
Let n(v) = -v**3 + 10*v**2 - 10*v + 5. Let t be n(9). Let g(w) = -4*w + 3. What is the tens digit of g(t)?
1
Let b be 1 + (3 - 3/(-3)). Suppose -b*a + 24 = -2*a. What is the units digit of a?
8
Suppose 0 = 2*g + 3*p - 41, g + 3*g = -2*p + 94. What is the units digit of 0 + (3 - 2)*g?
5
Suppose -26 = -2*p - 4*n, p = -p + n + 6. Let x = 1 - -2. Suppose 6*g - 4*f - 8 = 2*g, x*g - p*f = 0. What is the units digit of g?
5
Let c = 49 + -31. Let s = c - 10. What is the units digit of s?
8
Let b(q) be the third derivative of q**7/1260 - q**6/720 + q**4/8 - 3*q**2. Let j(w) be the second derivative of b(w). What is the units digit of j(1)?
1
Suppose 3*v - 3*i = 70 + 26, 2*v + 2*i - 68 = 0. What is the tens digit of v?
3
Suppose 0 = 5*f - 5*q + 10, -8 - 8 = -4*q. What is the units digit of (5/2)/(f/4)?
5
Suppose 40 = 9*d - 7*d. What is the units digit of d?
0
Let b = 7 + -4. Suppose s = -z - b*z - 8, 2*s = -z + 19. What is the units digit of s?
2
Suppose 0*y = -4*y + 5*a - 4, 4*a = -2*y + 24. Let f(q) = q**2 - q - 9. What is the units digit of f(y)?
3
Let k = 121 + -82. What is the tens digit of k?
3
Let w(i) = -i - 3. Let a be w(-5). Let k(f) = -8*f**3 - f**2 - f - 1. Let o be k(a). Let j = -51 - o. What is the units digit of j?
0
Suppose -350 = -5*j + i, -2*j + j + 49 = 4*i. What is the tens digit of j?
6
Suppose -t = 5*r, 6*t + 3 = -2*r + 5*t. Suppose -5*j + 41 = c, -5 + r = 2*j. What is the units digit of c?
1
Let m = -13 - -18. Suppose m*f - 64 - 91 = 0. What is the units digit of f?
1
Let b(l) be the third derivative of -l**6/120 + l**5/60 - l**4/24 + 7*l**3/6 + 2*l**2. What is the units digit of b(0)?
7
Suppose 0 = 4*m - 2*m - 5*k - 13, 5*m = -3*k + 48. Let a be (m + -3)*(-2)/(-4). What is the units digit of ((-3)/2)/(a/(-16))?
8
Let y(n) = n**3 - 18*n**2 + 5. Let u be y(18). Suppose 4*h - 144 = 4*t, -u*h = -0*t + 4*t - 162. What is the units digit of h?
4
Let x(m) = -13*m + 1. What is the units digit of x(-1)?
4
Let x(f) = f**3 + 15*f**2 - 12*f + 20. What is the units digit of x(-15)?
0
Let y = -159 - -84. Let r be 1/((-3)/y) + -1. Suppose -r = -2*v + h, 4*v = -3*h + h + 40. What is the tens digit of v?
1
Let m be (-17)/(-4) + (-9)/(-12). Suppose m*k - 4*l - 25 = -0*k, -3*k - 2 = l. What is the units digit of k?
1
Suppose -8*p = -10*p + 138. What is the units digit of p?
9
Suppose -4*w = -2*w - 4. What is the units digit of w?
2
Let y(t) = 5*t**2 + 6*t + 9. What is the hundreds digit of y(-5)?
1
What is the units digit of 121 - 9/((-18)/4)?
3
Let c(r) = -2*r - 2. Let u be c(-2). Suppose -u*h + 4*b + 28 = 0, 5*h - 101 = 4*b - 25. What is the units digit of h?
6
Let n be 87*(30/9 - 3). What is the units digit of (-5)/((-20)/(-8)) + n?
7
Suppose v - 1 = -4. Let w = 20 + v. Let d = w + -11. What is the units digit of d?
6
Let k = 48 + -17. What is the tens digit of k?
3
Suppose -8*j + 4*j + 20 = 0. Suppose -v - 25 = -2*v + 2*i, j*i - 125 = -5*v. What is the units digit of v?
5
Let y(o) = -16*o**3 + 1. Let h be y(1). Let v = 0 - h. Suppose -3*c = -0*c - v. What is the units digit of c?
5
Let t = 8 - 6. Let h(z) = -z + 1 + 2*z**2 + z**3 + z**t - 2*z. What is the tens digit of h(-3)?
1
Suppose 0 = 5*w - w - 232. What is the units digit of w?
8
Suppose 4*h + 0*h - c - 664 = 0, 0 = -2*h - 5*c + 310. What is the hundreds digit of h?
1
Suppose 0 = 2*d - 0*d - 5*x - 141, 0 = 3*x + 15. What is the tens digit of d?
5
Let i(g) = 3*g - 23. What is the units digit of i(8)?
1
Suppose 9 + 3 = 4*c. What is the units digit of c?
3
Let r = -96 + 151. Let o = r - 37. What is the units digit of o?
8
Suppose -73 - 135 = -x. What is the units digit of x?
8
Let k(v) = 13*v + 5. What is the tens digit of k(6)?
8
Let t(n) = n**3 - 5*n**2 + 2*n. Let z be t(5). Let u be (0 - 2) + 0 + z. Suppose -u = -2*s + 2. What is the units digit of s?
5
Let z(h) = -h - h - 1 + 3*h + 10*h**2. What is the units digit of z(2)?
1
Let n = 16 + 50. Suppose -4*b = -7*b + n. What is the units digit of b?
2
Let p = 32 - 21. Let i = 18 - p. Suppose 1 + i = 4*k. What is the units digit of k?
2
What is the tens digit of (126/(-8))/((-2)/8)?
6
Suppose -5*a + h + 170 = 0, a + 0*h - 3*h - 20 = 0. Let f = -20 + a. What is the tens digit of f?
1
Let f be (-5)/1*16/(-5). Suppose -2*q - 4 = 2*m - f, -q - 4*m = -3. What is the units digit of q?
7
Suppose u - 56 = -4*d + d, -3*d = -4*u - 46. Let a = d - 10. What is the units digit of a?
8
Suppose -2*t - 15 = 2*i + 13, i = -3*t - 32. Let c(u) = -u - 6. What is the units digit of c(t)?
3
Let v(h) = h**2 + 8*h - 5. Let n be v(-6). Let m = 38 + n. What is the tens digit of m?
2
Suppose 2*d + 5*q + 14 = d, -8 = d + 3*q. Suppose 2 - 5 = -4*n + 5*g, -d = -3*n + 5*g. What is the units digit of n?
2
Suppose 0 = 11*i - 3*i - 1816. What is the units digit of i?
7
Suppose 4*j - 309 = -5*b, -3*j + 149 = b - 69. What is the tens digit of j?
7
Let x(j) = j + 3. Let h = 3 - -2. What is the units digit of x(h)?
8
Suppose 5*o - o = 8. Suppose o*u - 5*u + 3 = 0. Suppose -5*c + 4 = -u. What is the units digit of c?
1
Let r(q) be the second derivative of q**4/12 - 2*q. Suppose 5*o - 3*k + 3 = k, -2*o - 15 = 3*k. What is the units digit of r(o)?
9
Suppose -4*x - 3*a = -62, 2*a = -5*x - a + 79. What is the tens digit of x?
1
Let p = 345 - 222. What is the units digit of p?
3
Suppose 0 = -0*l + 2*l - 6. Suppose -3*w - l + 27 = 0. What is the units digit of w?
8
Let b(x) be the third derivative of x**5/60 - x**4/3 + 2*x**2. Let a be b(8). Suppose 3*q - 7 - 5 = a. What is the units digit of q?
4
What is the hundreds digit of (10/(-25))/((-2)/1570)?
3
Let w = -59 - -106. What is the tens digit of w?
4
Suppose 3*g + 160 - 490 = 0. What is the units digit of g?
0
Let l be (1 - 0/3) + 34. Suppose n - l = -4*n. What is the units digit of n?
7
Suppose -3*c - 102 + 15 = -4*m, 5*m - 80 = -2*c. Let x = m + -1. What is the units digit of x?
7
Suppose 0 = -2*o - 5*g + 5 + 9, -g + 6 = 2*o. Suppose m = o*m. Suppose q = 5*v - 46, m = -5*v + 3*q - 4*q + 54. What is the tens digit of v?
1
What is the units digit of (98/8)/(-2*(-2)/16)?
9
Suppose 12*a - 864 = 4*a. What is the units digit of a?
8
Let o(f) = -2*f**2 - 2*f - 4. Let d(y) = y**2 + y + 3. Let l(x) = 3*d(x) + 2*o(x). Let j be l(1). What is the units digit of (6/(-15))/(j/5)?
2
Suppose 2*q - 7 - 3 = 0. Let l(r) = r**2 + 6*r + 3. Let y be l(-6). Let x = y + q. What is the units digit of x?
8
Let d(r) = 24*r - 12. What is the units digit of d(9)?
4
Let l = 4 - 1. Suppose 5*k + 5*w + 2 = -l, 1 = -w. Let x = 3 - k. What is the units digit of x?
3
Suppose -85 - 130 = -o. What is the hundreds digit of o?
2
Suppose -2*c - 9 = -3. Let m be (c - (-2 + 2)) + 5. Suppose -m*g + 6*g - 32 = -4*t, 3*t + 42 = 3*g. What is the units digit of g?
1
Let b(x) = x - 3. Let y(o) = -4*o + 8. Suppose 0 = 5*t - 10, -5*j + t - 2*t - 33 = 0. Let z(g) = j*b(g) - 2*y(g). What is the units digit of z(0)?
5
Let a(x) = -3*x + 4. What is the units digit of a(-16)?
2
Suppose -n + 3*m + 4 = 3*n, 5*n = m + 16. Suppose 4*h = -3*c - 3, -n*h + 2*c + 1 = c. Let x(a) = -a**3 - a + 7. What is the units digit of x(h)?
7
Let l(m) = -1 + 4*m + 0 + m**3 + 2*m**2 - 3*m**2. What is the tens digit of l(3)?
2
Let d be (-152)/(-6)*(-3)/(-2). Let t = -16 + d. What is the tens digit of t?
2
Suppose -4*m + 10 = 2*j, -m + 4*j = 2*m - 24. Let v be 22/m + (-1)/2. Suppose h = v*h - 24. What is the units digit of h?
6
Suppose 13 = -j + 6*j - 3*c, -3*j - 1 = -4*c. Suppose -j*l + 50 = -35. What is the units digit of l?
7
Suppose -5*p + 38 + 57 = 0. What is the tens digit of p?
1
Let z = 736 - 519. What is the units digit of z?
7
Let q(u) = u + 5. Let w be q(-5). Let n = 0 - w. Let z = n - -1. What is the units digit of z?
1
Suppose 0 = -3*r + 211 + 467. What is the tens digit of r?
2
Let c(f) = -2*f + 2. Let o be c(-4). Let y(r) = r**2 - 5*r - 2. Let a be y(6). Suppose 2*j - o = -a. What is the un